
What is the remainder when 1116 is divided by 22/(264/(-84)) + 63?
52
Let a = 440 + -355. Let k(o) = -2*o + 7. Let g be k(-5). Suppose 0 = g*c - 22*c + a. What is the remainder when 59 is divided by c?
8
Let t be (-6)/(-36) + 686/(-12). Suppose -4*i + 26 - 18 = 0. Calculate the remainder when t*9/6*(-12)/54 is divided by i.
1
Let k(g) = -g**2 - 7*g. Let a be k(-6). What is the remainder when 119 is divided by 93*(-3)/a*2/(-3)?
26
Let x(l) = 39*l + 1680. Calculate the remainder when x(-40) is divided by 49.
22
Let a be (-104)/(-13) - 1/((-2)/(-4)). Let s be (58/(-30))/(a/18)*-5. Suppose 2*j - 25 = s. Calculate the remainder when 50 is divided by j.
23
Let v be (-2 + 3)/((-12)/(-24)). Suppose 0 = 3*d - s - 244, -v*d + 12*s = 14*s - 152. What is the remainder when d is divided by 6?
2
Let f = -48 - -95. Let n = 52 - f. Suppose 3*r - 30 = -3*t, -2*t + n*r = -t - 34. What is the remainder when 125 is divided by t?
13
Suppose 588 - 2032 = -531*j + 3866. Suppose 2*i + 3*b - b = 432, 5*b = 4*i - 873. What is the remainder when i is divided by j?
7
Let u(y) = 22*y - 281. What is the remainder when 137 is divided by u(13)?
2
Let i be (-2349)/(-33) + 3/(66/(-4)). Let u = i + -69. Suppose 0 = l + 2, 3*h - h - u*l = 46. What is the remainder when h is divided by 6?
3
Let l(n) = -1041*n + 524*n + 519*n + 62. Calculate the remainder when 77 is divided by l(-24).
7
Let z = -69 - -73. Suppose -3*j - 3*f = 6, 0*f + 4 = z*j + f. Suppose j*c = r + 13, -3*r + 70 = 5*c + 2*r. What is the remainder when 22 is divided by c?
4
Let m = 110 + -110. Suppose -q + 4*k + 64 = 0, 0 = -3*q - m*k + 2*k + 142. Calculate the remainder when q is divided by 9.
8
Suppose -15635 = -125*p - 140*p. Calculate the remainder when 113 is divided by p.
54
What is the remainder when (-670)/(-67) - 5*-70 is divided by 114?
18
Suppose -3*b + 22 + 5 = 0. Suppose b*k - 14*k + 85 = 0. Let z = -87 + 150. Calculate the remainder when z is divided by k.
12
Let s(c) = -10 - 2 - 5*c + 1 - c. Calculate the remainder when s(-7) is divided by (13 - -11)*2/4.
7
Suppose 4*h = 8*h - 4. Suppose -18*z + 3*z = -315. Calculate the remainder when (-375)/(-2) - h/2 is divided by z.
19
Let p be (-282)/7*-7*(-5)/(-5). Suppose 14*a = 11*a + p. Suppose a = -14*b + 15*b. What is the remainder when b is divided by 24?
22
Suppose 33*s - 43*s + 11688 - 2098 = 0. Calculate the remainder when s is divided by 24.
23
Let x(o) = -56*o + 1502. What is the remainder when 7540 is divided by x(26)?
42
Suppose 4*m - 4*h = 1632, -1632 = -4*m + 2*h + 3*h. Suppose -2*g = -10*g + m. Let u(k) = k + 2. What is the remainder when g is divided by u(11)?
12
Let k = -4671 + 4839. Calculate the remainder when 275 is divided by k.
107
Suppose 0 = -17*g - 91 + 57. What is the remainder when (-1377)/(-18) - -6 - (-1)/g is divided by 17?
14
Let c = -64 + 60. Let q(x) = -33*x - 68. What is the remainder when q(c) is divided by 1*-2 - (-20 + 7)?
9
Suppose 3 = -2*v + 9. Suppose -4*g = -5 - v. What is the remainder when (-1 + 3)/(21 + 1302/(-63)) is divided by g?
0
Let x = 427 - 200. Let g = x + -213. What is the remainder when 93 is divided by g?
9
Let a(i) = -3*i**3 + 55*i**2 - 68*i + 20. Let x = -23 + 51. Suppose -t - 3*t = -x. Calculate the remainder when a(17) is divided by t.
6
Let h be (-7)/((-21)/9) + 31. Suppose 5*x - 84 + h = 0. Calculate the remainder when 20 is divided by x.
0
Let o = -106 - -123. Suppose -o*m - 119 = -24*m. Calculate the remainder when 31 is divided by m.
14
Let u(d) = -9*d + 8. Let a(g) = 2*g + 25. Let r(s) = s**2 + 5*s - 21. Let b be r(-6). Let h be a(b). What is the remainder when u(h) is divided by 14?
11
Suppose 0 = 4*l + 2*l - 168. Calculate the remainder when (1 + 5/4)*8 is divided by (222/(-42) - (-8)/l) + 10.
3
Let g = -32 - -26. Let f(o) = -12*o - 59. Calculate the remainder when f(g) is divided by 4.
1
Suppose 109*f - 1205 = 104*f. Let j = -104 + f. Calculate the remainder when j is divided by 45.
2
Let l = -25 + 65. Suppose -2*x - 4*h = -l, -h - 93 = -5*x - 4*h. What is the remainder when 62 is divided by -4 + 0 + (x - -5) + 2?
20
Suppose -2*y - 1 = -113. What is the remainder when (-1)/((-126)/20520) - (-1)/7 is divided by y?
51
Let p = -11 + 20. Suppose -53 + 305 = p*k. Calculate the remainder when 31 is divided by (k/(-6))/(11/(-33)).
3
Suppose -5*i - 3*s = -169, 178*i = 176*i - s + 67. Calculate the remainder when 1389/9 - 1/3 is divided by i.
26
Suppose 8*w + 6*w = 1008. Let q = 76 - w. What is the remainder when 110/5 - (q + -1) is divided by 7?
5
Suppose 4*q = 12*w - 6*w - 1872, -5*q - 15 = 0. Calculate the remainder when w is divided by 23.
11
Let q be -534*6/(-24)*2. Suppose -17*l - 2*i = -12*l - q, -3*l = 4*i - 163. Let s(u) = 2*u + 43. What is the remainder when l is divided by s(-6)?
22
Let h = 9130 + -8936. What is the remainder when 1477 is divided by h?
119
Let g = -377 - -172. Let l = -179 - g. What is the remainder when 177 is divided by l?
21
Suppose 0 = 21*r - 16*r + 660. Calculate the remainder when 530/53*(r/(-10) + 2) is divided by 12.
8
Suppose -35*z = -33*z. Suppose z = -27*r + 24*r. Suppose -5*p - 18 = -3*k, 4*k + 0*p + 2*p - 24 = r. What is the remainder when 7 is divided by k?
1
Suppose 0 = 40*a - 1905 - 5535. What is the remainder when a is divided by 25?
11
Let l(k) = -2*k**2 - 12*k - 26. Let j be l(-3). What is the remainder when ((-1062)/36)/(2/j) is divided by 24?
22
Suppose 2*l - 321 = -3*z + 935, 4*z = -l + 628. Calculate the remainder when l is divided by 205.
13
Let n = 25 - 7. Let q = -224 + 227. Suppose -q*i + 23 = -61. Calculate the remainder when i is divided by n.
10
Let y = 11708 - 11157. What is the remainder when 2210 is divided by y?
6
Let f(v) be the third derivative of v**6/60 - v**5/5 + v**4/3 + v**3/6 + 88*v**2. Calculate the remainder when -30*3/(12/(-26)) is divided by f(6).
48
Let q be 1/((-45)/(-10) + -4). Suppose q*j = -2*j + 88. Let u = -58 - -145. Calculate the remainder when u is divided by j.
21
Let j(x) = 2*x**2 - 7 + 0 + 5*x**2 - x**3 + 7*x - x**2. Let a be j(5). Suppose -5*q + a = -42. Calculate the remainder when 54 is divided by q.
16
Suppose 0 = -5*k - 5*h + 45, -4*h + 31 - 2 = 3*k. Suppose -137*p = -139*p + 192. Suppose -8*q - 8 = -p. Calculate the remainder when q is divided by k.
4
Suppose -o + d - 15 = 0, 0 = o + 4*o + d + 45. Let w(g) = -8*g + 2. Calculate the remainder when w(o) is divided by (-4)/14 - 1700/(-119).
12
Suppose 0 = -18*i - 121*i + 4726. Calculate the remainder when 232 is divided by i.
28
Suppose -25*y = -26*y + 4*c + 26, c + 56 = 3*y. Calculate the remainder when y is divided by (-6*1)/(-3)*2.
2
Suppose -8*m + 3*m + 5*k - 390 = 0, -3*k + 160 = -2*m. Let a = 76 + m. What is the remainder when 45 is divided by (276/(-8))/((-3)/a)?
22
Let t(c) = 12 + 28*c + 10*c - 8 + 13. Calculate the remainder when t(5) is divided by 70.
67
Let h = -177 + 195. Suppose h = 2*d - 4. Calculate the remainder when 38 is divided by d.
5
Suppose 2*u + l - 12 = 153, 3*u - 243 = -3*l. What is the remainder when u is divided by (-27)/(-1)*(-28)/(-28)?
3
Let d(o) = o**2 + 8*o - 16. Let h be 2 + 3*(-5)/(-15). Let a = -4 - -68. Calculate the remainder when a is divided by d(h).
13
Suppose 919*t + q + 164 = 920*t, 4*t - q = 650. What is the remainder when t is divided by 21?
15
Let c(u) = -18*u - 107. Let i be c(-7). Let y = 112 - i. Let z = 30 - -17. What is the remainder when y is divided by z?
46
Let r(t) = -t**2 + 97*t + 1202. What is the remainder when 6914 is divided by r(108)?
12
Suppose x + p - 74 - 52 = 0, -2*p = 0. Let c be x/(-9)*1/(-1). Suppose c*b - 19*b + 50 = 0. What is the remainder when 43 is divided by b?
3
Calculate the remainder when (-58 + 53)/((-4 + 5)*(-2)/194) is divided by 108.
53
Let a(o) = -o**2 + 25*o + 120. Let b = 220 - 192. Calculate the remainder when 86 is divided by a(b).
14
Let z = -1 + -2. Let d(w) = 5*w**2 - 23*w - 56. What is the remainder when ((-368)/2)/(-4) + z is divided by d(-2)?
3
Suppose 5*c = -4*q + 112, -5*c = -c - 2*q - 100. Calculate the remainder when (88/(-10))/((-4)/30) is divided by (0 + 1)*(0/1 + c).
18
Let l = 3539 - 3471. What is the remainder when 311 is divided by l?
39
Let o = -6659 - -6949. What is the remainder when 1194 is divided by o?
34
Let h = 5531 + -5525. Let z = 59 + -107. Calcula